 be the second derivative of r**4/6 - r**3/6 + r**2 + 28*r. What is i(3)?
17
Let v(y) = -2*y**3 - 4*y**2 - 2*y + 1. Let a(c) = -c**3 - c**2. Let m(q) = -3*a(q) + v(q). Determine m(-2).
-7
Let l(c) = -c + 10. Suppose 13*i - 3*i - 90 = 0. Give l(i).
1
Suppose 2*d = -2 + 6. Let b(q) = d + 0 - 7*q - 2. Determine b(1).
-7
Let y(s) = -3*s + 2. Let v(g) = -g + 1. Let t(u) = 4*v(u) - y(u). Suppose c + 2*c = 0. Suppose w = j + j, -2*j - w + 8 = c. Determine t(j).
0
Let d(y) = y - 3. Suppose 12 = 14*l - 100. Give d(l).
5
Let j be (-3)/2*20/(-6). Suppose 0 = 3*u - c - 7, -j*c + 19 + 3 = 4*u. Let w(v) = 1. Let b(q) = -q**2 + 2*q - 1. Let o(m) = -b(m) - 4*w(m). What is o(u)?
0
Let b(l) be the third derivative of 0 + 1/60*l**5 - 7/120*l**6 - 3*l**2 - 1/24*l**4 + 0*l**3 + 0*l. What is b(1)?
-7
Let y(v) = v**3 - 5*v**2 + 7*v - 6. Suppose 0 = 4*r - x - 27 + 2, 0 = -4*r - 5*x + 19. Let k = r + -2. Calculate y(k).
6
Let a(o) = -4*o + 8. Suppose 3*y + n - 15 = 0, y + 3*n - 3 = 2*n. Determine a(y).
-16
Let y(k) = -2*k**2 + 2*k + k**2 - k**3 - k + 5. Let o = -26 - -16. Let t = o + 10. Calculate y(t).
5
Let y be 290/50 - (-1)/5. Let h(d) = -d**3 + 7*d**2 - 5*d + 2. What is h(y)?
8
Let y(x) = -3 + 8*x**2 - 4*x**2 + 3. Suppose -3*w - 6 + 24 = 0. Let o(c) = -c + 7. Let q be o(w). Give y(q).
4
Let p(f) = 6*f**2 + f + 11. Let j(n) = -5*n**2 - n - 10. Let d(c) = 7*j(c) + 6*p(c). Determine d(4).
8
Let m(b) = -b**3 + 5*b**2 + b. Let q be m(5). Suppose 5*p = -q + 10. Let s(c) = -c + 7. Let k(z) = -6. Let a(v) = 6*k(v) + 5*s(v). Determine a(p).
-6
Let p(b) = 2*b + 3. Let l be (-1)/(6/(-9))*2. Let k = l + -9. Give p(k).
-9
Let r = 5 - 3. Let h be 0/(r - (2 - 2)). Let q(d) = -16*d**2 - 16*d - 31. Let n(o) = -3*o**2 - 3*o - 6. Let k(u) = -11*n(u) + 2*q(u). Calculate k(h).
4
Suppose -20 = -x + 2*d - 6*d, d + 8 = 3*x. Let p(l) = -3*l + 2. What is p(x)?
-10
Let r(y) = -28*y**2 - 2*y + 1. Let l(b) = -9*b - 98. Let g be l(-11). Give r(g).
-29
Let j(u) = u + 10. Let a(t) = 7*t + 57. Let d be a(-10). Determine j(d).
-3
Let k(c) be the first derivative of c**4/2 - c**3/3 - c**2/2 - 1. Let y be (1 + -1)/(1 - -1). Let i be -1 + y/((-6)/(-3)). Calculate k(i).
-2
Suppose -3*c + 0*c = -6. Let s(k) = k - k**3 + k**c + 3*k + k - 4. Let v(i) = 2*i**2 + i. Let a be v(1). Calculate s(a).
-7
Let f = 7 - 2. Let q(o) = -o**3 + 4*o**2 + 4*o + 5. What is q(f)?
0
Let c(r) = 2*r - 54 + 21 - r + 29. Let s(q) = q**3 - 4*q**2 + 4*q. Let d be s(3). Let u be 11/d - (-4)/12. Determine c(u).
0
Let n(c) be the third derivative of -c**6/20 - c**5/30 - c**4/24 - 15*c**2. Calculate n(-1).
5
Let o(k) = 3*k - 7. Suppose 27 = -3*u + 48. Give o(u).
14
Let l(k) = k**2 + 11*k - 8. Suppose -63 = 5*z + 2*z. Give l(z).
-26
Suppose -5*b - a = 4*a - 50, -b + 10 = -3*a. Suppose 2*z = -0*z - b. Let x(h) be the third derivative of -h**5/60 - h**4/3 - 7*h**3/6 + h**2. Calculate x(z).
8
Let q(v) = v**2 + 5*v - 3. Let m = -13 + 18. Suppose -33 = m*r - 13. Give q(r).
-7
Suppose -2*g - g = s, 0 = 3*g - s. Let f(x) = x - 4. What is f(g)?
-4
Suppose 12 = 3*c - 6. Let f(l) = 2*l**2 + 7*l + l**2 - c - l**2 - 3*l**2. Determine f(5).
4
Let j(n) = -7 - 15 + 37 - 12 + 4*n. Give j(5).
23
Let l(x) be the first derivative of -1 - 2*x + 1/3*x**3 - 1/2*x**2. Determine l(-2).
4
Suppose -l - 2*s = 10, 25 = 4*l - 5*s - 0*s. Suppose l = 4*u + 5*h - 36, -u - 14 = -5*h + 2. Let o(f) = -3 + 5*f + f**2 - 2*f**2 - 3. What is o(u)?
-2
Let p(x) be the second derivative of -x**6/720 + x**5/30 - x**4/4 - x. Let b(d) be the third derivative of p(d). Calculate b(5).
-1
Let x(u) = -7*u**2 + 1 - 3*u + 2 - 20. Suppose -2 = -p - 0. Let n(q) = -3*q**2 - 2*q - 8. Let r(s) = p*x(s) - 5*n(s). Give r(-4).
6
Let z(r) = -r**2 + 13*r + 1. Let c be z(13). Let j(b) = -b**2 - 2 + 96*b - 95*b + c. Calculate j(1).
-1
Let j(a) be the third derivative of -a**4/8 - 9*a**2. Determine j(-2).
6
Let a(z) = 2*z**3 + 3*z**2 + 2*z + 1. Let h be a(-2). Let v = h - -14. Let k be v + (-3)/((-3)/(-2)). Let o(b) = 2*b - 6. What is o(k)?
4
Suppose -4*c - 16 = 0, 5*c + 6 = 5*v - 4. Let z be 2*v/2 + 6. Let d(p) be the first derivative of 3*p**2/2 - 6*p + 5. What is d(z)?
6
Let p(j) = 3*j - 6. Let t(b) = 4*b - 7. Let m(u) = -5*p(u) + 4*t(u). Determine m(-4).
-2
Let k(g) = g**2 - 8*g + 8. Let v(h) = -h**3 - 9*h**2 + 6. Let x be v(-9). Give k(x).
-4
Let o(q) = q + 3. Let t(b) = 1. Suppose 0 = -4*y + 3*p - 5, 0 = p - 0*p - 3. Let j(w) = y*o(w) - 2*t(w). Let x(d) = -d - 12. Let c be x(-14). Calculate j(c).
3
Let b = 44/5 + -112/15. Let h(z) be the first derivative of -b*z**3 - 1/4*z**4 + 3 - z**2 - 6*z. Calculate h(-4).
2
Let u(w) = -w**2 - 1. Let s = 9 - 13. Let o(x) = 2*x**2 - 5*x + 8. Let j(l) = s*u(l) - o(l). Let b be 30/(-8) - 3/12. Give j(b).
8
Suppose -12 = -7*q + 3*q. Suppose 0 = 4*a - 2*l - 14, 5*a + q*l + 0 - 1 = 0. Let c(m) = a*m + 6 - m + 1. Determine c(0).
7
Let n be (-1 - 1)*(-10)/4. Let w(z) be the first derivative of -z**4/4 + 4*z**3/3 + 3*z**2/2 + 6*z + 11. What is w(n)?
-4
Let g(c) = 2*c + 1. Let k(u) = u**3 - 6*u**2 - 5*u - 2. Let h(v) = 3*g(v) + k(v). Give h(5).
-19
Let d(k) = -8*k - 5. Let b(h) = 17*h + 11. Let w(o) = -2*b(o) - 5*d(o). Determine w(4).
27
Let f = -17 + 12. Suppose -7*m + 2*m - 2*p + 1 = 0, -2*p + 6 = 0. Let k = m - f. Let j(b) = b + 4. Calculate j(k).
8
Let j(q) be the first derivative of -q**2/2 - 6*q + 66. What is j(7)?
-13
Let w(y) = y**3 - 2*y**2 + 2*y - 3. Let s = -8 + 13. Let o = s + -3. Let n be w(o). Let x(d) = -2*d**2 + 1. Give x(n).
-1
Let p(j) = -j**3 - 5*j**2 + 4*j**2 + 3*j**2 + 3*j**2 + 7. Let z be ((-10)/4 - -2)*-10. Determine p(z).
7
Let m(k) = k + 3. Let l(f) = 1. Let h(s) = 3*l(s) - m(s). What is h(-5)?
5
Let x(q) = 3*q - 1. Let m be x(2). Suppose -7*v - 15 = 4*w - 2*v, 0 = -m*w + v + 3. Let g(l) = -4 - 4*l + 2*l + w*l. Give g(-3).
2
Let t(k) = -5*k - 12. Let v(n) be the third derivative of n**4/6 + 2*n**3 + 2*n**2. Let g(s) = 5*t(s) + 6*v(s). Suppose -20 + 0 = -4*h. Determine g(h).
7
Let p(n) = -n**2 + 6*n - 4. Let k = -16 - -21. What is p(k)?
1
Let q(t) = t - 5. Let o = 43 - 38. Give q(o).
0
Suppose j = 2*c - 0*c - 7, -4*c - 7 = 5*j. Let t(h) = -h**3 + h + 5*h**3 + 0*h**2 + h**c - h**3. Suppose -2*v + 4*w - 14 = 8, -2*w + 14 = -4*v. Determine t(v).
-3
Let u(c) be the third derivative of c**8/20160 - c**7/1680 - c**6/144 - c**5/15 - 9*c**2. Let v(y) be the third derivative of u(y). Calculate v(6).
13
Let o(k) = -k - 2. Let s(b) = 0*b + 3*b - b + 2 - b. Let p(w) = -5*o(w) - 6*s(w). Give p(-6).
4
Let x(t) = t**3 - 9*t**2 + 12*t + 7. Let c be x(7). Let g(o) = -o - 11. Calculate g(c).
-4
Let q(n) = n**3 + 6*n**2 - n - 1. Let j = 18 - -2. Suppose 2 = -4*z - 5*g, 2*z + 5*g + 9 = 3. Suppose 3*d - k = -j, -d + z*d - 2*k + 10 = 0. Give q(d).
5
Let l(f) = 2*f**2 - f - 4. Let r(c) = c + 15. Let a be r(0). Suppose 0*q + 4*i + a = 5*q, -i + 6 = 2*q. Calculate l(q).
11
Let r be (-1)/(-1)*(-1)/1. Let v(k) be the second derivative of 0 + 0*k**3 - 1/3*k**4 - 6*k + 0*k**2. What is v(r)?
-4
Let v(s) = 2*s - 1. Suppose -2*u + 45 = 3*u + b, 36 = 4*u - b. Let x be (-6)/(-27) - 38/u. Let q = x + 8. Determine v(q).
7
Let x be (-13)/13 - (1 - 7). Let b(r) = -r**2 + 7*r + 2. Determine b(x).
12
Let u(b) = -b**3 - 4*b**2 - 4*b - 1. Let k be u(-3). Let r(l) = 9*l + 3. Let f(s) = 2 + 0*s - 1 + s. Let o(z) = -6*f(z) + r(z). Give o(k).
3
Suppose 8 = 5*h + 4*f - 3, 4*h + 4*f - 8 = 0. Let t(q) = 0 - h*q**2 + q + 5 - 4 - 3*q**3 + 4*q**3. Give t(2).
-1
Suppose -f = v + 3*f + 9, v - 2*f = 9. Let k be v/(-1 + 0/4). Let q(a) = a**3 + a**2 - 5*a - 2. Calculate q(k).
-5
Let c = -9 + 14. Let z(s) = -s - s**3 - 3 + 4 - c*s**2 - 3*s. Suppose v - 5*a = 12, 7*a + 21 = -2*v + 2*a. Calculate z(v).
-5
Let s(f) = 3*f - 5*f**2 + 7*f**2 + 1 + f**3 - 5*f. Let h be 1/2*2*1. Determine s(h).
2
Let u(o) be the third derivative of -o**6/120 + o**5/20 + 5*o**4/24 - o**3/3 + 2*o**2. Let c be 1/4 + (-3)/12. Suppose 16 = 4*i - c*i. Calculate u(i).
2
Suppose 5 - 2 = y. Let f(o) = 2 - 3*o + 4*o**2 + o**y - 5 - o**2. Give f(-3).
6
Let k(i) be the first derivative of -2/3*i**3 + 1/60*i**5 - 5/24*i**4 + 0*i**2 - 3 + 0*i. Let y(z) be the third derivative of k(z). What is y(5)?
5
Let h(z) = -z**3 + 4*z**2 - z + 2. Let w(k) = -k. Let s be w(-4). What is h(s)?
-2
Let r(z) = z**3 + z - 1. Let u(n) = -4*n**3 + 2